{"id":2352,"date":"2023-03-07T04:32:05","date_gmt":"2023-03-07T04:32:05","guid":{"rendered":"https:\/\/www.uca.edu.sv\/dric\/?page_id=2352"},"modified":"2025-11-28T23:41:24","modified_gmt":"2025-11-28T23:41:24","slug":"estudiantes-internacionales","status":"publish","type":"page","link":"https:\/\/www.uca.edu.sv\/dric\/estudiantes-internacionales\/","title":{"rendered":"Estudiantes internacionales"},"content":{"rendered":"<p>&nbsp;<\/p>\n<p>Si eres estudiante no residente en El Salvador, puedes cursar un semestre acad\u00e9mico en la UCA o hasta un a\u00f1o como estudiante de intercambio.<\/p>\n<p>Consulta nuestra <a href=\"https:\/\/www.uca.edu.sv\/dric\/wp-content\/uploads\/2025\/06\/Hoja-de-Datos-2026.pdf\">hoja de datos 2026<\/a>.<\/p>\n<p>Adem\u00e1s, la UCA ofrece experiencias de inmersi\u00f3n en comunidades menos favorecidas del pa\u00eds. Adicional a tu carga acad\u00e9mica, puedes participar<\/p>\n<p>en programas de voluntariado o pasant\u00edas en nuestras unidades de Proyecci\u00f3n Social.<\/p>\n<h1>International Students<\/h1>\n<p>If you are a non-resident student in El Salvador, you can study one academic semester at UCA or up to one year as an exchange student.<\/p>\n<p>See our <a href=\"https:\/\/www.uca.edu.sv\/dric\/wp-content\/uploads\/2025\/06\/Fact-Sheet-2026.pdf\">2026\u00a0fact sheet<\/a>.<\/p>\n<p>In addition, UCA offers immersion experiences in underprivileged communities in the country. In addition to your academic load, you can participate<\/p>\n<p>in volunteer programs or internships at our Social Outreach departments.<\/p>\n","protected":false},"excerpt":{"rendered":"<p>&nbsp; Si eres estudiante no residente en El Salvador, puedes cursar un semestre acad\u00e9mico en la UCA o hasta un a\u00f1o como estudiante de intercambio. Consulta nuestra hoja de datos 2026. Adem\u00e1s, la UCA ofrece experiencias de inmersi\u00f3n en comunidades menos favorecidas del pa\u00eds. Adicional a tu carga acad\u00e9mica, puedes participar en programas de voluntariado [&hellip;]<\/p>\n","protected":false},"author":9,"featured_media":0,"parent":0,"menu_order":0,"comment_status":"closed","ping_status":"closed","template":"","meta":[],"_links":{"self":[{"href":"https:\/\/www.uca.edu.sv\/dric\/wp-json\/wp\/v2\/pages\/2352"}],"collection":[{"href":"https:\/\/www.uca.edu.sv\/dric\/wp-json\/wp\/v2\/pages"}],"about":[{"href":"https:\/\/www.uca.edu.sv\/dric\/wp-json\/wp\/v2\/types\/page"}],"author":[{"embeddable":true,"href":"https:\/\/www.uca.edu.sv\/dric\/wp-json\/wp\/v2\/users\/9"}],"replies":[{"embeddable":true,"href":"https:\/\/www.uca.edu.sv\/dric\/wp-json\/wp\/v2\/comments?post=2352"}],"version-history":[{"count":13,"href":"https:\/\/www.uca.edu.sv\/dric\/wp-json\/wp\/v2\/pages\/2352\/revisions"}],"predecessor-version":[{"id":3205,"href":"https:\/\/www.uca.edu.sv\/dric\/wp-json\/wp\/v2\/pages\/2352\/revisions\/3205"}],"wp:attachment":[{"href":"https:\/\/www.uca.edu.sv\/dric\/wp-json\/wp\/v2\/media?parent=2352"}],"curies":[{"name":"wp","href":"https:\/\/api.w.org\/{rel}","templated":true}]}}