{"id":2309,"date":"2023-03-02T23:31:26","date_gmt":"2023-03-02T23:31:26","guid":{"rendered":"https:\/\/www.uca.edu.sv\/dric\/?page_id=2309"},"modified":"2024-02-05T16:26:03","modified_gmt":"2024-02-05T16:26:03","slug":"estudiantes-uca","status":"publish","type":"page","link":"https:\/\/www.uca.edu.sv\/dric\/estudiantes-uca\/","title":{"rendered":"Estudiantes UCA"},"content":{"rendered":"<p>&nbsp;<\/p>\n<p>Si eres estudiante UCA puedes aplicar al Programa de Movilidad Internacional para estudiar un ciclo de tu plan<\/p>\n<p>de estudios en una\u00a0universidad en el extranjero.<\/p>\n<p>&nbsp;<\/p>\n<p><img decoding=\"async\" loading=\"lazy\" class=\"alignnone wp-image-2315 size-full\" src=\"https:\/\/www.uca.edu.sv\/dric\/wp-content\/uploads\/2023\/03\/Requisitos-y-procesos.png\" alt=\"\" width=\"694\" height=\"934\" srcset=\"https:\/\/www.uca.edu.sv\/dric\/wp-content\/uploads\/2023\/03\/Requisitos-y-procesos.png 694w, https:\/\/www.uca.edu.sv\/dric\/wp-content\/uploads\/2023\/03\/Requisitos-y-procesos-372x500.png 372w, https:\/\/www.uca.edu.sv\/dric\/wp-content\/uploads\/2023\/03\/Requisitos-y-procesos-111x150.png 111w\" sizes=\"(max-width: 694px) 100vw, 694px\" \/><\/p>\n<p>&nbsp;<\/p>\n<p>Al seleccionar el destino para tu intercambio, debes tomar en cuenta tu presupuesto, pa\u00eds de preferencia, idioma,<\/p>\n<p>entre otros.<\/p>\n<p>A continuaci\u00f3n, puedes consultar algunos destinos disponibles por carrera:<\/p>\n<p>&nbsp;<\/p>\n<p><a href=\"https:\/\/sites.google.com\/uca.edu.sv\/destinosporcarrera\/carreras-uca\"><img decoding=\"async\" loading=\"lazy\" class=\"alignnone size-medium wp-image-2678\" src=\"https:\/\/www.uca.edu.sv\/dric\/wp-content\/uploads\/2024\/02\/Boton_Destinos-500x149.png\" alt=\"\" width=\"500\" height=\"149\" srcset=\"https:\/\/www.uca.edu.sv\/dric\/wp-content\/uploads\/2024\/02\/Boton_Destinos-500x149.png 500w, https:\/\/www.uca.edu.sv\/dric\/wp-content\/uploads\/2024\/02\/Boton_Destinos-125x37.png 125w, https:\/\/www.uca.edu.sv\/dric\/wp-content\/uploads\/2024\/02\/Boton_Destinos.png 694w\" sizes=\"(max-width: 500px) 100vw, 500px\" \/><\/a><\/p>\n<p>&nbsp;<\/p>\n<p>En cada ciclo, se realizar\u00e1n las convocatorias de los destinos disponibles. Adem\u00e1s de esos, te compartimos los diferentes programas a los que puedes aplicar:<\/p>\n<h2>Universidades de la Red AUSJAL<\/h2>\n<p>La UCA forma parte de la Asociaci\u00f3n de Universidades Jesuitas en Am\u00e9rica Latina (AUSJAL) y por\u00a0convenio nuestros<\/p>\n<p>estudiantes pueden estudiar hasta dos ciclos en una de las universidades de la red. <a href=\"https:\/\/www.ausjal.org\/universidades\/\">Aqu\u00ed<\/a> puedes revisar la lista de las universidades de la Red.<\/p>\n<h2>Programa MAGIS Exchange<\/h2>\n<p>Este programa es una iniciativa de la Asociaci\u00f3n Internacional de Universidades Jesuitas (IAJU) por sus siglas\u00a0en ingl\u00e9s.<\/p>\n<p>La experiencia no es solo acad\u00e9mica, pues incluye tambi\u00e9n un Diplomado en Ciudadan\u00eda\u00a0Global Ambiental, impartido virtualmente<\/p>\n<p>por la Universidad de Loyola Chicago, y la participaci\u00f3n en un proyecto\u00a0de voluntariado en la universidad de destino.<\/p>\n<p>La convocatoria abre dos veces al a\u00f1o. <a href=\"https:\/\/magisexchange.org\">Aqu\u00ed<\/a> puedes revisar los\u00a0destinos disponibles.<\/p>\n<h2>Universidades con convenio<\/h2>\n<p>Adicional a las asociaciones de las que forma parte la UCA, hay muchas otras opciones que puedes aprovechar<\/p>\n<p>para hacer tu intercambio. <a href=\"https:\/\/www.uca.edu.sv\/dric\/convenio\/\">Aqu\u00ed<\/a> puedes consultar la lista de convenios que tiene la UCA con universidades alrededor<\/p>\n<p>del mundo.<\/p>\n<h2>Intercambio Virtual<\/h2>\n<p>Otra alternativa para enriquecer tus habilidades interculturales es aplicar a un intercambio en modalidad virtual.<\/p>\n<p>Puedes optar al Intercampus Virtual AUSJAL.<\/p>\n<p>&nbsp;<\/p>\n<p>Revisa aqu\u00ed las convocatorias vigentes:<\/p>\n<p>&nbsp;<\/p>\n<p><a href=\"https:\/\/www.uca.edu.sv\/dric\/convocatorias\/\"><img decoding=\"async\" loading=\"lazy\" class=\"alignnone wp-image-2323 size-medium\" src=\"https:\/\/www.uca.edu.sv\/dric\/wp-content\/uploads\/2023\/03\/imagen_2023-03-02_173115-500x162.png\" alt=\"\" width=\"500\" height=\"162\" srcset=\"https:\/\/www.uca.edu.sv\/dric\/wp-content\/uploads\/2023\/03\/imagen_2023-03-02_173115-500x162.png 500w, https:\/\/www.uca.edu.sv\/dric\/wp-content\/uploads\/2023\/03\/imagen_2023-03-02_173115-800x260.png 800w, https:\/\/www.uca.edu.sv\/dric\/wp-content\/uploads\/2023\/03\/imagen_2023-03-02_173115-125x41.png 125w, https:\/\/www.uca.edu.sv\/dric\/wp-content\/uploads\/2023\/03\/imagen_2023-03-02_173115-768x249.png 768w, https:\/\/www.uca.edu.sv\/dric\/wp-content\/uploads\/2023\/03\/imagen_2023-03-02_173115.png 903w\" sizes=\"(max-width: 500px) 100vw, 500px\" \/><\/a><\/p>\n<h2><\/h2>\n<p>&nbsp;<\/p>\n<h2><span style=\"color: #000000;\">Becas para intercambios<\/span><\/h2>\n<div><\/div>\n<div><\/div>\n<div>\n<div><span style=\"color: #000000;\">Al realizar un intercambio con universidades con\u00a0<\/span><span style=\"color: #000000;\">convenio est\u00e1s exento de pagos de matr\u00edcula y cuotas <\/span><span style=\"color: #000000;\">en la universidad de destino<\/span><\/div>\n<div><span style=\"color: #000000;\">(a excepci\u00f3n de algunas universidades de Estados Unidos), cancelando \u00fanicamente <\/span><span style=\"color: #000000;\">en la universidad de origen.<\/span><\/div>\n<div><span style=\"color: #000000;\">\u00a0<\/span><\/div>\n<div><span style=\"color: #000000;\">Adicionalmente, si est\u00e1s interesado en aplicar a una\u00a0<\/span><span style=\"color: #000000;\">beca de apoyo para gastos de movilidad (boleto a\u00e9reo,\u00a0<\/span><span style=\"color: #000000;\">alojamiento, etc.) puedes<\/span><\/div>\n<div><span style=\"color: #000000;\">aplicar a las diferentes<\/span><span style=\"color: #000000;\"> oportunidades que se abren en el a\u00f1o, como:<br \/>\n<\/span><\/div>\n<div>\n<ul>\n<li><span style=\"color: #000000;\">Erasmus+<\/span><\/li>\n<li><span style=\"color: #000000;\">Global Ugrad<\/span><\/li>\n<li><span style=\"color: #000000;\">Beca AUSJAL<\/span><\/li>\n<\/ul>\n<p><a href=\"https:\/\/www.uca.edu.sv\/dric\/becas\/\"><img decoding=\"async\" loading=\"lazy\" class=\"alignnone wp-image-2279 size-medium\" src=\"https:\/\/www.uca.edu.sv\/dric\/wp-content\/uploads\/2023\/02\/Boton_Becas-500x281.png\" alt=\"\" width=\"500\" height=\"281\" srcset=\"https:\/\/www.uca.edu.sv\/dric\/wp-content\/uploads\/2023\/02\/Boton_Becas-500x281.png 500w, https:\/\/www.uca.edu.sv\/dric\/wp-content\/uploads\/2023\/02\/Boton_Becas-125x70.png 125w, https:\/\/www.uca.edu.sv\/dric\/wp-content\/uploads\/2023\/02\/Boton_Becas-800x450.png 800w, https:\/\/www.uca.edu.sv\/dric\/wp-content\/uploads\/2023\/02\/Boton_Becas.png 960w\" sizes=\"(max-width: 500px) 100vw, 500px\" \/><\/a><\/p>\n<\/div>\n<\/div>\n<p>&nbsp;<\/p>\n","protected":false},"excerpt":{"rendered":"<p>&nbsp; Si eres estudiante UCA puedes aplicar al Programa de Movilidad Internacional para estudiar un ciclo de tu plan de estudios en una\u00a0universidad en el extranjero. &nbsp; &nbsp; Al seleccionar el destino para tu intercambio, debes tomar en cuenta tu presupuesto, pa\u00eds de preferencia, idioma, entre otros. A continuaci\u00f3n, puedes consultar algunos destinos disponibles por [&hellip;]<\/p>\n","protected":false},"author":9,"featured_media":0,"parent":0,"menu_order":0,"comment_status":"closed","ping_status":"closed","template":"","meta":[],"_links":{"self":[{"href":"https:\/\/www.uca.edu.sv\/dric\/wp-json\/wp\/v2\/pages\/2309"}],"collection":[{"href":"https:\/\/www.uca.edu.sv\/dric\/wp-json\/wp\/v2\/pages"}],"about":[{"href":"https:\/\/www.uca.edu.sv\/dric\/wp-json\/wp\/v2\/types\/page"}],"author":[{"embeddable":true,"href":"https:\/\/www.uca.edu.sv\/dric\/wp-json\/wp\/v2\/users\/9"}],"replies":[{"embeddable":true,"href":"https:\/\/www.uca.edu.sv\/dric\/wp-json\/wp\/v2\/comments?post=2309"}],"version-history":[{"count":23,"href":"https:\/\/www.uca.edu.sv\/dric\/wp-json\/wp\/v2\/pages\/2309\/revisions"}],"predecessor-version":[{"id":2679,"href":"https:\/\/www.uca.edu.sv\/dric\/wp-json\/wp\/v2\/pages\/2309\/revisions\/2679"}],"wp:attachment":[{"href":"https:\/\/www.uca.edu.sv\/dric\/wp-json\/wp\/v2\/media?parent=2309"}],"curies":[{"name":"wp","href":"https:\/\/api.w.org\/{rel}","templated":true}]}}