{"id":2161,"date":"2022-08-09T21:39:16","date_gmt":"2022-08-09T21:39:16","guid":{"rendered":"https:\/\/www.uca.edu.sv\/dric\/?page_id=2161"},"modified":"2022-08-09T21:39:38","modified_gmt":"2022-08-09T21:39:38","slug":"noticia-3-edicion-10","status":"publish","type":"page","link":"https:\/\/www.uca.edu.sv\/dric\/noticia-3-edicion-10\/","title":{"rendered":""},"content":{"rendered":"<p style=\"text-align: justify;\"><a href=\"https:\/\/www.uca.edu.sv\/dric\/wp-content\/uploads\/2022\/08\/Noticia-3-.png\"><img decoding=\"async\" loading=\"lazy\" class=\"alignnone  wp-image-2162\" src=\"https:\/\/www.uca.edu.sv\/dric\/wp-content\/uploads\/2022\/08\/Noticia-3-.png\" alt=\"Noticia 3\" width=\"968\" height=\"466\" srcset=\"https:\/\/www.uca.edu.sv\/dric\/wp-content\/uploads\/2022\/08\/Noticia-3-.png 1350w, https:\/\/www.uca.edu.sv\/dric\/wp-content\/uploads\/2022\/08\/Noticia-3--125x60.png 125w, https:\/\/www.uca.edu.sv\/dric\/wp-content\/uploads\/2022\/08\/Noticia-3--500x241.png 500w, https:\/\/www.uca.edu.sv\/dric\/wp-content\/uploads\/2022\/08\/Noticia-3--800x385.png 800w\" sizes=\"(max-width: 968px) 100vw, 968px\" \/><\/a><\/p>\n<p style=\"text-align: justify;\">En julio se llev\u00f3 a cabo el acto de Entrega de Reconocimiento 2022 a estudiantes, graduados, graduadas y personal t\u00e9cnico y administrativo de la UCA que han obtenido una beca para movilidad interuniversitaria de grado, estudios de postgrado o pasant\u00edas en universidades del exterior.<\/p>\n<p style=\"text-align: justify;\">Los becarios han sido beneficiados gracias a prestigiosos programas como el de la Fundaci\u00f3n Bot\u00edn de Espa\u00f1a; Erasmus + y Erasmus Mundus de la Uni\u00f3n Europea; el programa de becas Fulbright y Fulbright LASPAU del Departamento de Estado de los Estados Unidos; Fundaci\u00f3n Carolina de Espa\u00f1a; Becas JDS y JICA del Gobierno de Jap\u00f3n y de la Agencia de Cooperaci\u00f3n Internacional del Jap\u00f3n; Global Korean Scholarship del Gobierno de Corea; Becas Chevening del Reino Unido; y el Programa Regional del Servicio Alem\u00e1n de Intercambio Acad\u00e9mico (DAAD).<\/p>\n<p style=\"text-align: justify;\">El Rector de la UCA El Salvador, Padre Andreu Oliva, hizo una reflexi\u00f3n sobre la importancia de este tipo de oportunidades para los becarios y para el desarrollo de El Salvador.<\/p>\n<p style=\"text-align: justify;\">Asimismo, el Especialista Cultural de la Secci\u00f3n de Asuntos P\u00fablicos de la Embajada de los Estados Unidos, Fernando Herrera, brind\u00f3 unas palabras donde mencion\u00f3 la enorme responsabilidad que poseen los becarios y como deben de aprovechar al m\u00e1ximo este tipo de oportunidades para trabajar por el pa\u00eds.<\/p>\n<p style=\"text-align: justify;\">Se cont\u00f3 con la presencia del Excelent\u00edsimo Embajador de Jap\u00f3n, el se\u00f1or Ariyoshi Katsuhide; del Consejero Pol\u00edtico de la Delegaci\u00f3n de la Uni\u00f3n Europea en El Salvador,\u00a0 se\u00f1or Borja Garc\u00eda Hidalgo; el C\u00f3nsul de Espa\u00f1a, Juan Manuel L\u00f3pez; el C\u00f3nsul de Italia, Flavio Cocuzza; al Especialista cultural de la secci\u00f3n de asuntos p\u00fablicos de la Embajada de los Estados Unidos en El Salvador, se\u00f1or Fernando Herrera; y la Sra.\u00a0 Sachiko Kuno, funcionaria de la Agencia de Cooperaci\u00f3n Internacional del Jap\u00f3n, JICA.<\/p>\n<p style=\"text-align: justify;\">Posterior a la entrega de diplomas, se ofreci\u00f3 un c\u00f3ctel para los invitados, donde los becarios tuvieron la oportunidad de convivir con los delegados de las instituciones que han brindado las becas y compartir este logro juntos.<\/p>\n<p style=\"text-align: justify;\">\u00a1Les deseamos muchos \u00e9xitos a todos!<\/p>\n","protected":false},"excerpt":{"rendered":"<p>En julio se llev\u00f3 a cabo el acto de Entrega de Reconocimiento 2022 a estudiantes, graduados, graduadas y personal t\u00e9cnico y administrativo de la UCA que han obtenido una beca para movilidad interuniversitaria de grado, estudios de postgrado o pasant\u00edas en universidades del exterior. Los becarios han sido beneficiados gracias a prestigiosos programas como el [&hellip;]<\/p>\n","protected":false},"author":8,"featured_media":0,"parent":0,"menu_order":0,"comment_status":"open","ping_status":"open","template":"","meta":[],"_links":{"self":[{"href":"https:\/\/www.uca.edu.sv\/dric\/wp-json\/wp\/v2\/pages\/2161"}],"collection":[{"href":"https:\/\/www.uca.edu.sv\/dric\/wp-json\/wp\/v2\/pages"}],"about":[{"href":"https:\/\/www.uca.edu.sv\/dric\/wp-json\/wp\/v2\/types\/page"}],"author":[{"embeddable":true,"href":"https:\/\/www.uca.edu.sv\/dric\/wp-json\/wp\/v2\/users\/8"}],"replies":[{"embeddable":true,"href":"https:\/\/www.uca.edu.sv\/dric\/wp-json\/wp\/v2\/comments?post=2161"}],"version-history":[{"count":2,"href":"https:\/\/www.uca.edu.sv\/dric\/wp-json\/wp\/v2\/pages\/2161\/revisions"}],"predecessor-version":[{"id":2164,"href":"https:\/\/www.uca.edu.sv\/dric\/wp-json\/wp\/v2\/pages\/2161\/revisions\/2164"}],"wp:attachment":[{"href":"https:\/\/www.uca.edu.sv\/dric\/wp-json\/wp\/v2\/media?parent=2161"}],"curies":[{"name":"wp","href":"https:\/\/api.w.org\/{rel}","templated":true}]}}