{"id":2156,"date":"2022-08-09T21:23:24","date_gmt":"2022-08-09T21:23:24","guid":{"rendered":"https:\/\/www.uca.edu.sv\/dric\/?page_id=2156"},"modified":"2022-08-09T21:23:32","modified_gmt":"2022-08-09T21:23:32","slug":"noticia-2-edicion-10","status":"publish","type":"page","link":"https:\/\/www.uca.edu.sv\/dric\/noticia-2-edicion-10\/","title":{"rendered":""},"content":{"rendered":"<p style=\"text-align: justify;\"><a href=\"https:\/\/www.uca.edu.sv\/dric\/wp-content\/uploads\/2022\/08\/Noticia-2.png\"><img decoding=\"async\" loading=\"lazy\" class=\"alignnone  wp-image-2157\" src=\"https:\/\/www.uca.edu.sv\/dric\/wp-content\/uploads\/2022\/08\/Noticia-2.png\" alt=\"Noticia 2\" width=\"970\" height=\"467\" srcset=\"https:\/\/www.uca.edu.sv\/dric\/wp-content\/uploads\/2022\/08\/Noticia-2.png 1350w, https:\/\/www.uca.edu.sv\/dric\/wp-content\/uploads\/2022\/08\/Noticia-2-125x60.png 125w, https:\/\/www.uca.edu.sv\/dric\/wp-content\/uploads\/2022\/08\/Noticia-2-500x241.png 500w, https:\/\/www.uca.edu.sv\/dric\/wp-content\/uploads\/2022\/08\/Noticia-2-800x385.png 800w\" sizes=\"(max-width: 970px) 100vw, 970px\" \/><\/a><\/p>\n<p style=\"text-align: justify;\">La profesora Emma Juaneda, de la Universidad de la Rioja &#8211; Espa\u00f1a, visit\u00f3 la UCA durante el mes de julio, gracias al programa de movilidades internacionales del Programa Erasmus + de la Uni\u00f3n Europea.<\/p>\n<p style=\"text-align: justify;\">La visita de Emma ten\u00eda como objetivos promover el intercambio de experiencias entre las dos instituciones y avanzar en el desarrollo del proyecto conjunto Banco de Retos.<\/p>\n<p style=\"text-align: justify;\">Durante su visita tuvo varias reuniones, entre las cuales tuvo la oportunidad de conversar con el Rector de la UCA, Padre Andreu Oliva, y se reuni\u00f3 con la Directora de Relaciones Internacionales y Cooperaci\u00f3n de la universidad, Marielos Torres.<\/p>\n<p style=\"text-align: justify;\">Asimismo, brind\u00f3 una ponencia titulada &#8220;Experiencia de la Universidad de La Rioja en el proceso de implantaci\u00f3n de grados de 4 a\u00f1os&#8221;, con el prop\u00f3sito de identificar las buenas pr\u00e1cticas y lecciones aprendidas de la Universidad de La Rioja en el proceso de transici\u00f3n de 5 a 4 a\u00f1os en los programas de estudios de los grados.<\/p>\n<p style=\"text-align: justify;\">Posteriormente, desarroll\u00f3 el conversatorio &#8220;Objetivos de Desarrollo Sostenible y la Academia&#8221;, donde se buscaba conocer la experiencia de la Universidad de La Rioja en la incorporaci\u00f3n de la Agenda 2030 de las Naciones Unidas, en los programas acad\u00e9micos y en la gesti\u00f3n sostenible del campus.<\/p>\n<p style=\"text-align: justify;\">Gracias a la visita de la Profesora Juaneda se espera tener un mejor conocimiento respecto a la \u00a0experiencia de desarrollo de los nuevos planes de estudios en la Universidad de la Rioja, abonar al conocimiento de la UCA respecto a las propuestas de implementaci\u00f3n de la sostenibilidad y ampliar la puesta en pr\u00e1ctica de instrumentos para su uso, y la creaci\u00f3n de redes de colaboraci\u00f3n entre la Universidad de la Rioja y la UCA.<\/p>\n","protected":false},"excerpt":{"rendered":"<p>La profesora Emma Juaneda, de la Universidad de la Rioja &#8211; Espa\u00f1a, visit\u00f3 la UCA durante el mes de julio, gracias al programa de movilidades internacionales del Programa Erasmus + de la Uni\u00f3n Europea. La visita de Emma ten\u00eda como objetivos promover el intercambio de experiencias entre las dos instituciones y avanzar en el desarrollo [&hellip;]<\/p>\n","protected":false},"author":8,"featured_media":0,"parent":0,"menu_order":0,"comment_status":"open","ping_status":"open","template":"","meta":[],"_links":{"self":[{"href":"https:\/\/www.uca.edu.sv\/dric\/wp-json\/wp\/v2\/pages\/2156"}],"collection":[{"href":"https:\/\/www.uca.edu.sv\/dric\/wp-json\/wp\/v2\/pages"}],"about":[{"href":"https:\/\/www.uca.edu.sv\/dric\/wp-json\/wp\/v2\/types\/page"}],"author":[{"embeddable":true,"href":"https:\/\/www.uca.edu.sv\/dric\/wp-json\/wp\/v2\/users\/8"}],"replies":[{"embeddable":true,"href":"https:\/\/www.uca.edu.sv\/dric\/wp-json\/wp\/v2\/comments?post=2156"}],"version-history":[{"count":2,"href":"https:\/\/www.uca.edu.sv\/dric\/wp-json\/wp\/v2\/pages\/2156\/revisions"}],"predecessor-version":[{"id":2159,"href":"https:\/\/www.uca.edu.sv\/dric\/wp-json\/wp\/v2\/pages\/2156\/revisions\/2159"}],"wp:attachment":[{"href":"https:\/\/www.uca.edu.sv\/dric\/wp-json\/wp\/v2\/media?parent=2156"}],"curies":[{"name":"wp","href":"https:\/\/api.w.org\/{rel}","templated":true}]}}