{"id":215,"date":"2015-08-18T17:12:31","date_gmt":"2015-08-18T17:12:31","guid":{"rendered":"https:\/\/www.uca.edu.sv\/dric\/?page_id=215"},"modified":"2018-01-16T17:40:42","modified_gmt":"2018-01-16T17:40:42","slug":"estadisticas","status":"publish","type":"page","link":"https:\/\/www.uca.edu.sv\/dric\/estadisticas\/","title":{"rendered":"Estad\u00edsticas"},"content":{"rendered":"<p>&nbsp;<\/p>\n<p>Durante el 2017 se dio seguimiento a 53 proyectos: 7 de ellos con <strong>fondos del Estado salvadore\u00f1o<\/strong> provenientes del Ministerio de Educaci\u00f3n \u00a0(MINED) y del Fondo de Investigaci\u00f3n de Educaci\u00f3n Superior (FIES), 8 con el <strong>fondo de investigaci\u00f3n de la UCA<\/strong> y los 37 restantes con <strong>fondos de cooperaci\u00f3n internacional<\/strong>.<\/p>\n<p><a href=\"https:\/\/www.uca.edu.sv\/dric\/wp-content\/uploads\/2015\/08\/Imagen-1.png\"><img decoding=\"async\" loading=\"lazy\" class=\" wp-image-1184 size-medium aligncenter\" src=\"https:\/\/www.uca.edu.sv\/dric\/wp-content\/uploads\/2015\/08\/Imagen-1-500x308.png\" alt=\"Imagen 1\" width=\"500\" height=\"308\" srcset=\"https:\/\/www.uca.edu.sv\/dric\/wp-content\/uploads\/2015\/08\/Imagen-1-500x308.png 500w, https:\/\/www.uca.edu.sv\/dric\/wp-content\/uploads\/2015\/08\/Imagen-1-800x492.png 800w, https:\/\/www.uca.edu.sv\/dric\/wp-content\/uploads\/2015\/08\/Imagen-1.png 1440w\" sizes=\"(max-width: 500px) 100vw, 500px\" \/><\/a><\/p>\n<p>Durante 2017, los <strong>37 proyectos<\/strong> de cooperaci\u00f3n internacional ejecutados se agruparon en 8 grandes temas:<\/p>\n<p><a href=\"https:\/\/www.uca.edu.sv\/dric\/wp-content\/uploads\/2015\/08\/Imagen-2.png\"><img decoding=\"async\" loading=\"lazy\" class=\" size-medium wp-image-1185 aligncenter\" src=\"https:\/\/www.uca.edu.sv\/dric\/wp-content\/uploads\/2015\/08\/Imagen-2-500x314.png\" alt=\"Imagen 2\" width=\"500\" height=\"314\" srcset=\"https:\/\/www.uca.edu.sv\/dric\/wp-content\/uploads\/2015\/08\/Imagen-2-500x314.png 500w, https:\/\/www.uca.edu.sv\/dric\/wp-content\/uploads\/2015\/08\/Imagen-2-796x500.png 796w, https:\/\/www.uca.edu.sv\/dric\/wp-content\/uploads\/2015\/08\/Imagen-2.png 1439w\" sizes=\"(max-width: 500px) 100vw, 500px\" \/><\/a><\/p>\n<p>El quehacer universitario se divide en dos grandes \u00e1reas: Unidades acad\u00e9micas y Unidades de proyecci\u00f3n social. Durante el 2017 la cooperaci\u00f3n internacional para la ejecuci\u00f3n de proyectos, por \u00e1rea, se distribuy\u00f3 de la siguiente manera: <strong>14 proyectos<\/strong> ejecutados por Unidades Acad\u00e9micas y <strong>23 proyectos<\/strong> ejecutados por Unidades de Proyecci\u00f3n Social.<\/p>\n<p><a href=\"https:\/\/www.uca.edu.sv\/dric\/wp-content\/uploads\/2015\/08\/Imagen3.png\"><img decoding=\"async\" loading=\"lazy\" class=\" size-medium wp-image-1186 aligncenter\" src=\"https:\/\/www.uca.edu.sv\/dric\/wp-content\/uploads\/2015\/08\/Imagen3-500x303.png\" alt=\"Imagen3\" width=\"500\" height=\"303\" srcset=\"https:\/\/www.uca.edu.sv\/dric\/wp-content\/uploads\/2015\/08\/Imagen3-500x303.png 500w, https:\/\/www.uca.edu.sv\/dric\/wp-content\/uploads\/2015\/08\/Imagen3-800x484.png 800w, https:\/\/www.uca.edu.sv\/dric\/wp-content\/uploads\/2015\/08\/Imagen3.png 1440w\" sizes=\"(max-width: 500px) 100vw, 500px\" \/><\/a><\/p>\n<p>Cada \u00e1rea se conforma por diferentes departamentos y unidades, que ejecutan proyectos desde su l\u00ednea de trabajo. Durante 2017, los departamentos y unidades que ejecutaron proyectos con fondo de cooperaci\u00f3n fueron los siguientes:<\/p>\n<p><a href=\"https:\/\/www.uca.edu.sv\/dric\/wp-content\/uploads\/2015\/08\/Imagen4.png\"><img decoding=\"async\" loading=\"lazy\" class=\" size-medium wp-image-1187 aligncenter\" src=\"https:\/\/www.uca.edu.sv\/dric\/wp-content\/uploads\/2015\/08\/Imagen4-500x349.png\" alt=\"Imagen4\" width=\"500\" height=\"349\" srcset=\"https:\/\/www.uca.edu.sv\/dric\/wp-content\/uploads\/2015\/08\/Imagen4-500x349.png 500w, https:\/\/www.uca.edu.sv\/dric\/wp-content\/uploads\/2015\/08\/Imagen4-717x500.png 717w, https:\/\/www.uca.edu.sv\/dric\/wp-content\/uploads\/2015\/08\/Imagen4.png 1289w\" sizes=\"(max-width: 500px) 100vw, 500px\" \/><\/a><\/p>\n<p><a href=\"https:\/\/www.uca.edu.sv\/dric\/wp-content\/uploads\/2015\/08\/Imagen5.png\"><img decoding=\"async\" loading=\"lazy\" class=\" size-medium wp-image-1188 aligncenter\" src=\"https:\/\/www.uca.edu.sv\/dric\/wp-content\/uploads\/2015\/08\/Imagen5-500x339.png\" alt=\"Imagen5\" width=\"500\" height=\"339\" srcset=\"https:\/\/www.uca.edu.sv\/dric\/wp-content\/uploads\/2015\/08\/Imagen5-500x339.png 500w, https:\/\/www.uca.edu.sv\/dric\/wp-content\/uploads\/2015\/08\/Imagen5-738x500.png 738w, https:\/\/www.uca.edu.sv\/dric\/wp-content\/uploads\/2015\/08\/Imagen5.png 1332w\" sizes=\"(max-width: 500px) 100vw, 500px\" \/><\/a><\/p>\n<p style=\"text-align: center;\">\u00a0<\/p>\n<p>&nbsp;<\/p>\n","protected":false},"excerpt":{"rendered":"<p>&nbsp; Durante el 2017 se dio seguimiento a 53 proyectos: 7 de ellos con fondos del Estado salvadore\u00f1o provenientes del Ministerio de Educaci\u00f3n \u00a0(MINED) y del Fondo de Investigaci\u00f3n de Educaci\u00f3n Superior (FIES), 8 con el fondo de investigaci\u00f3n de la UCA y los 37 restantes con fondos de cooperaci\u00f3n internacional. Durante 2017, los 37 [&hellip;]<\/p>\n","protected":false},"author":1,"featured_media":0,"parent":0,"menu_order":0,"comment_status":"open","ping_status":"open","template":"estadisticas.php","meta":[],"_links":{"self":[{"href":"https:\/\/www.uca.edu.sv\/dric\/wp-json\/wp\/v2\/pages\/215"}],"collection":[{"href":"https:\/\/www.uca.edu.sv\/dric\/wp-json\/wp\/v2\/pages"}],"about":[{"href":"https:\/\/www.uca.edu.sv\/dric\/wp-json\/wp\/v2\/types\/page"}],"author":[{"embeddable":true,"href":"https:\/\/www.uca.edu.sv\/dric\/wp-json\/wp\/v2\/users\/1"}],"replies":[{"embeddable":true,"href":"https:\/\/www.uca.edu.sv\/dric\/wp-json\/wp\/v2\/comments?post=215"}],"version-history":[{"count":17,"href":"https:\/\/www.uca.edu.sv\/dric\/wp-json\/wp\/v2\/pages\/215\/revisions"}],"predecessor-version":[{"id":1191,"href":"https:\/\/www.uca.edu.sv\/dric\/wp-json\/wp\/v2\/pages\/215\/revisions\/1191"}],"wp:attachment":[{"href":"https:\/\/www.uca.edu.sv\/dric\/wp-json\/wp\/v2\/media?parent=215"}],"curies":[{"name":"wp","href":"https:\/\/api.w.org\/{rel}","templated":true}]}}