{"id":2001,"date":"2022-01-26T22:32:40","date_gmt":"2022-01-26T22:32:40","guid":{"rendered":"https:\/\/www.uca.edu.sv\/dric\/?page_id=2001"},"modified":"2022-02-16T21:39:48","modified_gmt":"2022-02-16T21:39:48","slug":"noticia-2-edicion-7","status":"publish","type":"page","link":"https:\/\/www.uca.edu.sv\/dric\/noticia-2-edicion-7\/","title":{"rendered":""},"content":{"rendered":"<p><a href=\"https:\/\/www.uca.edu.sv\/dric\/wp-content\/uploads\/2022\/01\/Copia-de-Gaceta-Internacional-Edici\u00f3n-4.png\"><img decoding=\"async\" loading=\"lazy\" class=\"alignnone  wp-image-2002\" src=\"https:\/\/www.uca.edu.sv\/dric\/wp-content\/uploads\/2022\/01\/Copia-de-Gaceta-Internacional-Edici\u00f3n-4-800x385.png\" alt=\"Copia de Gaceta Internacional Edici\u00f3n 4\" width=\"970\" height=\"467\" srcset=\"https:\/\/www.uca.edu.sv\/dric\/wp-content\/uploads\/2022\/01\/Copia-de-Gaceta-Internacional-Edici\u00f3n-4-800x385.png 800w, https:\/\/www.uca.edu.sv\/dric\/wp-content\/uploads\/2022\/01\/Copia-de-Gaceta-Internacional-Edici\u00f3n-4-125x60.png 125w, https:\/\/www.uca.edu.sv\/dric\/wp-content\/uploads\/2022\/01\/Copia-de-Gaceta-Internacional-Edici\u00f3n-4-500x241.png 500w, https:\/\/www.uca.edu.sv\/dric\/wp-content\/uploads\/2022\/01\/Copia-de-Gaceta-Internacional-Edici\u00f3n-4.png 1350w\" sizes=\"(max-width: 970px) 100vw, 970px\" \/><\/a><\/p>\n<p style=\"text-align: justify;\">En diciembre se realiz\u00f3 un webinar entre la UCA y Montgomery College (EEUU), como parte del programa Global Exchange.<\/p>\n<p style=\"text-align: justify;\">Global Exchange nace a partir del convenio suscrito entre la UCA y Montgomery College en 2018, cuando una delegaci\u00f3n de dicha universidad visit\u00f3 el campus de la UCA para dar inicio a una estrecha relaci\u00f3n de cooperaci\u00f3n entre ambas.<\/p>\n<p style=\"text-align: justify;\">La finalidad del convenio es promover el intercambio ling\u00fc\u00edstico y cultural entre estudiantes y docentes. \u00a0\u00a0Se realizan distintas actividades por medio de las cuales se busca identificar, explorar y analizar diferentes perspectivas del mundo, tanto culturales, \u00e9ticas, sociales, entre otras, en ambos pa\u00edses.<\/p>\n<p style=\"text-align: justify;\">Durante el 2020 se realiz\u00f3 un proyecto con los estudiantes de la Licenciatura y profesorado en idioma ingl\u00e9s de la UCA y los de Montgomery College, en el cual se crearon videos con la metodolog\u00eda de digital story telling, reflexionando sobre los eventos que estaban sucediendo alrededor del mundo, particularmente en Estados Unidos y en El Salvador, y como \u00e9stos impactaban la vida de los estudiantes.\u00a0<\/p>\n<p style=\"text-align: justify;\">En diciembre de 2021 se llev\u00f3 a cabo el webinar \u201cWhy do we classify the world?\u201d, con los estudiantes de Did\u00e1ctica del Idioma Ingl\u00e9s y Epistemolog\u00eda de la Investigaci\u00f3n en Idioma Ingl\u00e9s. Durante la charla, el profesor de Historia Contempor\u00e1nea de Montgomery College, Dr. Sadegh Foghani, habl\u00f3 sobre el origen hist\u00f3rico del t\u00e9rmino <em>tercer mundo<\/em>, el significado del mismo y las perspectivas que han surgido en contra de dicha clasificaci\u00f3n.<\/p>\n<p style=\"text-align: justify;\">Este espacio les permiti\u00f3 a los estudiantes, tanto de la UCA como de Montgomery College, realizar un an\u00e1lisis del tema, poner en pr\u00e1ctica sus conocimientos del idioma ingl\u00e9s y desarrollar sus competencias interculturales.<\/p>\n","protected":false},"excerpt":{"rendered":"<p>En diciembre se realiz\u00f3 un webinar entre la UCA y Montgomery College (EEUU), como parte del programa Global Exchange. Global Exchange nace a partir del convenio suscrito entre la UCA y Montgomery College en 2018, cuando una delegaci\u00f3n de dicha universidad visit\u00f3 el campus de la UCA para dar inicio a una estrecha relaci\u00f3n de [&hellip;]<\/p>\n","protected":false},"author":8,"featured_media":0,"parent":0,"menu_order":0,"comment_status":"open","ping_status":"open","template":"","meta":[],"_links":{"self":[{"href":"https:\/\/www.uca.edu.sv\/dric\/wp-json\/wp\/v2\/pages\/2001"}],"collection":[{"href":"https:\/\/www.uca.edu.sv\/dric\/wp-json\/wp\/v2\/pages"}],"about":[{"href":"https:\/\/www.uca.edu.sv\/dric\/wp-json\/wp\/v2\/types\/page"}],"author":[{"embeddable":true,"href":"https:\/\/www.uca.edu.sv\/dric\/wp-json\/wp\/v2\/users\/8"}],"replies":[{"embeddable":true,"href":"https:\/\/www.uca.edu.sv\/dric\/wp-json\/wp\/v2\/comments?post=2001"}],"version-history":[{"count":4,"href":"https:\/\/www.uca.edu.sv\/dric\/wp-json\/wp\/v2\/pages\/2001\/revisions"}],"predecessor-version":[{"id":2050,"href":"https:\/\/www.uca.edu.sv\/dric\/wp-json\/wp\/v2\/pages\/2001\/revisions\/2050"}],"wp:attachment":[{"href":"https:\/\/www.uca.edu.sv\/dric\/wp-json\/wp\/v2\/media?parent=2001"}],"curies":[{"name":"wp","href":"https:\/\/api.w.org\/{rel}","templated":true}]}}