{"id":1933,"date":"2021-12-06T20:17:48","date_gmt":"2021-12-06T20:17:48","guid":{"rendered":"https:\/\/www.uca.edu.sv\/dric\/?page_id=1933"},"modified":"2021-12-07T23:19:23","modified_gmt":"2021-12-07T23:19:23","slug":"noticia-3-edicion-6","status":"publish","type":"page","link":"https:\/\/www.uca.edu.sv\/dric\/noticia-3-edicion-6\/","title":{"rendered":""},"content":{"rendered":"<p><a href=\"https:\/\/www.uca.edu.sv\/dric\/wp-content\/uploads\/2021\/12\/Copia-de-Gaceta-Internacional-Edici\u00f3n-4-16.png\"><img decoding=\"async\" loading=\"lazy\" class=\"alignnone  wp-image-1973\" src=\"https:\/\/www.uca.edu.sv\/dric\/wp-content\/uploads\/2021\/12\/Copia-de-Gaceta-Internacional-Edici\u00f3n-4-16.png\" alt=\"Copia de Gaceta Internacional Edici\u00f3n 4 (16)\" width=\"970\" height=\"467\" srcset=\"https:\/\/www.uca.edu.sv\/dric\/wp-content\/uploads\/2021\/12\/Copia-de-Gaceta-Internacional-Edici\u00f3n-4-16.png 1350w, https:\/\/www.uca.edu.sv\/dric\/wp-content\/uploads\/2021\/12\/Copia-de-Gaceta-Internacional-Edici\u00f3n-4-16-125x60.png 125w, https:\/\/www.uca.edu.sv\/dric\/wp-content\/uploads\/2021\/12\/Copia-de-Gaceta-Internacional-Edici\u00f3n-4-16-500x241.png 500w, https:\/\/www.uca.edu.sv\/dric\/wp-content\/uploads\/2021\/12\/Copia-de-Gaceta-Internacional-Edici\u00f3n-4-16-800x385.png 800w\" sizes=\"(max-width: 970px) 100vw, 970px\" \/><\/a><\/p>\n<p style=\"text-align: justify;\">Ronaldo Armando Canizales, catedr\u00e1tico del Departamento de Electr\u00f3nica e Inform\u00e1tica finaliz\u00f3 su beca ERASMUS + de Movilidad Internacional de Docencia, en la que tuvo la oportunidad de visitar la Universidad de Granada, Espa\u00f1a, para brindar un curso.<\/p>\n<p style=\"text-align: justify;\">A continuaci\u00f3n, compartimos las palabras de Ronaldo sobre su experiencia, tanto acad\u00e9mica como tur\u00edstica:<\/p>\n<ul style=\"text-align: justify;\">\n<li>En el \u00e1rea acad\u00e9mica:<\/li>\n<\/ul>\n<p style=\"text-align: justify;\">Impart\u00ed un curso llamado \u201cIntroducci\u00f3n al Aprendizaje de M\u00e1quina\u201d en la Facultad de Ciencias de la Universidad de Granada, en Andaluc\u00eda, Espa\u00f1a. El grupo estaba conformado por 35 estudiantes de las carreras de matem\u00e1ticas, f\u00edsica, doble grado matem\u00e1tica\/f\u00edsica y un estudiante de posgrado. El curso se imparti\u00f3 de 5 a 9 p.m. con un descanso de media hora, excepto el viernes que se dio en el transcurso de la ma\u00f1ana.<\/p>\n<p style=\"text-align: justify;\">Regresar a dar un curso presencial fue una experiencia muy gratificante como docente, adem\u00e1s que los estudiantes estuvieron muy comprometidos con su propio aprendizaje. En cada sesi\u00f3n hab\u00eda intercambio de preguntas y respuestas. Al final de cada sesi\u00f3n se realizaron ejercicios pr\u00e1cticos donde surg\u00edan dudas y grandes ideas por igual.<\/p>\n<ul style=\"text-align: justify;\">\n<li>En el \u00e1rea tur\u00edstica:<\/li>\n<\/ul>\n<p style=\"text-align: justify;\">Todo fue una experiencia nueva para m\u00ed, desde el hecho de cruzar el oc\u00e9ano en avi\u00f3n, visitar Europa, recorrer sus calles donde las personas s\u00ed respetan muy estrictamente todas las leyes de tr\u00e1nsito. Utilizar medios de transporte que no hay en El Salvador, como un tren que atraviesa la ciudad. El clima oscil\u00f3 entre los 10\u00b0 y los 12\u00b0 durante el d\u00eda, mientras que por la noche era necesaria la calefacci\u00f3n.<\/p>\n<p style=\"text-align: justify;\">Cada experiencia nueva era sucedida por una m\u00e1s nueva a\u00fan. Su gastronom\u00eda tiene muy presente el aceite de oliva y el empanizado de todo tipo de alimentos, desde carnes hasta vegetales como postre. Las bebidas predilectas y de consumo diario son el vino y la cerveza. Las tostadas de pat\u00e9 fueron mis desayunos favoritos, mientras que la sopa salmorejo fue algo que no extra\u00f1ar\u00e9 debido a que no fue mucho de mi agrado.<\/p>\n<p style=\"text-align: justify;\">Durante el viernes por la tarde y todo el s\u00e1bado pude conocer parte de la ciudad, especialmente una caminata en la monta\u00f1a alrededor de sitios tur\u00edsticos muy emblem\u00e1ticos como la Alhambra, Generalife y Albaic\u00edn. Una experiencia inolvidable que espero repetir en alg\u00fan momento de mi vida.<\/p>\n<ul style=\"text-align: justify;\">\n<li>Mi reflexi\u00f3n final:<\/li>\n<\/ul>\n<p style=\"text-align: justify;\">Estoy profundamente agradecido con el programa Erasmus+ y, adem\u00e1s, con el personal de la DRIC de la UCA, el personal de la ORI en Granada, el profesor \u00d3scar Romero del Depto. de Matem\u00e1tica Aplicada (todo hubiera sido imposible sin su apoyo) y tambi\u00e9n con mis estudiantes. Logr\u00e9 hacer lazos, tanto acad\u00e9micos como de afinidad, con personas muy amables que me ayudaron en el camino, un abrazo a ellos, se les recuerda con cari\u00f1o.<\/p>\n<p style=\"text-align: justify;\">Finalmente, deseo animar a todas aquellas personas que dudan en aplicar a un programa de esta naturaleza. Para ser sincero es agotador y requiere mucho esfuerzo pero vale completamente la pena, el esfuerzo se ve ampliamente recompensado con una experiencia inolvidable y muy formativa tanto en el \u00e1mbito acad\u00e9mico como tambi\u00e9n personal.<\/p>\n<p>&nbsp;<\/p>\n<p><a href=\"https:\/\/www.uca.edu.sv\/dric\/wp-content\/uploads\/2021\/12\/Foto-9.jpg\"><img decoding=\"async\" loading=\"lazy\" class=\"alignnone  wp-image-1941\" src=\"https:\/\/www.uca.edu.sv\/dric\/wp-content\/uploads\/2021\/12\/Foto-9.jpg\" alt=\"Foto 9\" width=\"372\" height=\"279\" srcset=\"https:\/\/www.uca.edu.sv\/dric\/wp-content\/uploads\/2021\/12\/Foto-9.jpg 2048w, https:\/\/www.uca.edu.sv\/dric\/wp-content\/uploads\/2021\/12\/Foto-9-125x94.jpg 125w, https:\/\/www.uca.edu.sv\/dric\/wp-content\/uploads\/2021\/12\/Foto-9-500x375.jpg 500w, https:\/\/www.uca.edu.sv\/dric\/wp-content\/uploads\/2021\/12\/Foto-9-667x500.jpg 667w\" sizes=\"(max-width: 372px) 100vw, 372px\" \/><\/a><a href=\"https:\/\/www.uca.edu.sv\/dric\/wp-content\/uploads\/2021\/12\/Foto-4.jpg\">\u00a0 <img decoding=\"async\" loading=\"lazy\" class=\"alignnone  wp-image-1937\" src=\"https:\/\/www.uca.edu.sv\/dric\/wp-content\/uploads\/2021\/12\/Foto-4.jpg\" alt=\"Foto 4\" width=\"372\" height=\"278\" srcset=\"https:\/\/www.uca.edu.sv\/dric\/wp-content\/uploads\/2021\/12\/Foto-4.jpg 2048w, https:\/\/www.uca.edu.sv\/dric\/wp-content\/uploads\/2021\/12\/Foto-4-125x94.jpg 125w, https:\/\/www.uca.edu.sv\/dric\/wp-content\/uploads\/2021\/12\/Foto-4-500x375.jpg 500w, https:\/\/www.uca.edu.sv\/dric\/wp-content\/uploads\/2021\/12\/Foto-4-667x500.jpg 667w\" sizes=\"(max-width: 372px) 100vw, 372px\" \/><\/a><a href=\"https:\/\/www.uca.edu.sv\/dric\/wp-content\/uploads\/2021\/12\/Foto-7.jpg\">\u00a0\u00a0 <img decoding=\"async\" loading=\"lazy\" class=\"alignnone  wp-image-1939\" src=\"https:\/\/www.uca.edu.sv\/dric\/wp-content\/uploads\/2021\/12\/Foto-7.jpg\" alt=\"Foto 7\" width=\"372\" height=\"279\" srcset=\"https:\/\/www.uca.edu.sv\/dric\/wp-content\/uploads\/2021\/12\/Foto-7.jpg 2048w, https:\/\/www.uca.edu.sv\/dric\/wp-content\/uploads\/2021\/12\/Foto-7-125x94.jpg 125w, https:\/\/www.uca.edu.sv\/dric\/wp-content\/uploads\/2021\/12\/Foto-7-500x375.jpg 500w, https:\/\/www.uca.edu.sv\/dric\/wp-content\/uploads\/2021\/12\/Foto-7-667x500.jpg 667w\" sizes=\"(max-width: 372px) 100vw, 372px\" \/><\/a>\u00a0\u00a0 <a href=\"https:\/\/www.uca.edu.sv\/dric\/wp-content\/uploads\/2021\/12\/Foto-6.jpg\"><img decoding=\"async\" loading=\"lazy\" class=\"alignnone  wp-image-1938\" src=\"https:\/\/www.uca.edu.sv\/dric\/wp-content\/uploads\/2021\/12\/Foto-6.jpg\" alt=\"Foto 6\" width=\"372\" height=\"278\" srcset=\"https:\/\/www.uca.edu.sv\/dric\/wp-content\/uploads\/2021\/12\/Foto-6.jpg 2048w, https:\/\/www.uca.edu.sv\/dric\/wp-content\/uploads\/2021\/12\/Foto-6-125x94.jpg 125w, https:\/\/www.uca.edu.sv\/dric\/wp-content\/uploads\/2021\/12\/Foto-6-500x375.jpg 500w, https:\/\/www.uca.edu.sv\/dric\/wp-content\/uploads\/2021\/12\/Foto-6-667x500.jpg 667w\" sizes=\"(max-width: 372px) 100vw, 372px\" \/><\/a>\u00a0<a href=\"https:\/\/www.uca.edu.sv\/dric\/wp-content\/uploads\/2021\/12\/Foto-3.jpg\"> <img decoding=\"async\" loading=\"lazy\" class=\"alignnone  wp-image-1936\" src=\"https:\/\/www.uca.edu.sv\/dric\/wp-content\/uploads\/2021\/12\/Foto-3.jpg\" alt=\"Foto 3\" width=\"372\" height=\"279\" srcset=\"https:\/\/www.uca.edu.sv\/dric\/wp-content\/uploads\/2021\/12\/Foto-3.jpg 2048w, https:\/\/www.uca.edu.sv\/dric\/wp-content\/uploads\/2021\/12\/Foto-3-125x94.jpg 125w, https:\/\/www.uca.edu.sv\/dric\/wp-content\/uploads\/2021\/12\/Foto-3-500x375.jpg 500w, https:\/\/www.uca.edu.sv\/dric\/wp-content\/uploads\/2021\/12\/Foto-3-667x500.jpg 667w\" sizes=\"(max-width: 372px) 100vw, 372px\" \/><\/a>\u00a0 <a href=\"https:\/\/www.uca.edu.sv\/dric\/wp-content\/uploads\/2021\/12\/Foto-13.jpg\"><img decoding=\"async\" loading=\"lazy\" class=\"alignnone  wp-image-1945\" src=\"https:\/\/www.uca.edu.sv\/dric\/wp-content\/uploads\/2021\/12\/Foto-13.jpg\" alt=\"Foto 13\" width=\"372\" height=\"279\" srcset=\"https:\/\/www.uca.edu.sv\/dric\/wp-content\/uploads\/2021\/12\/Foto-13.jpg 2048w, https:\/\/www.uca.edu.sv\/dric\/wp-content\/uploads\/2021\/12\/Foto-13-125x94.jpg 125w, https:\/\/www.uca.edu.sv\/dric\/wp-content\/uploads\/2021\/12\/Foto-13-500x375.jpg 500w, https:\/\/www.uca.edu.sv\/dric\/wp-content\/uploads\/2021\/12\/Foto-13-667x500.jpg 667w\" sizes=\"(max-width: 372px) 100vw, 372px\" \/><\/a>\u00a0<a href=\"https:\/\/www.uca.edu.sv\/dric\/wp-content\/uploads\/2021\/12\/Foto-8.jpg\">\u00a0\u00a0<\/a> <a href=\"https:\/\/www.uca.edu.sv\/dric\/wp-content\/uploads\/2021\/12\/Foto-10.jpg\"><img decoding=\"async\" loading=\"lazy\" class=\"alignnone  wp-image-1942\" src=\"https:\/\/www.uca.edu.sv\/dric\/wp-content\/uploads\/2021\/12\/Foto-10.jpg\" alt=\"Foto 10\" width=\"258\" height=\"344\" srcset=\"https:\/\/www.uca.edu.sv\/dric\/wp-content\/uploads\/2021\/12\/Foto-10.jpg 1536w, https:\/\/www.uca.edu.sv\/dric\/wp-content\/uploads\/2021\/12\/Foto-10-113x150.jpg 113w, https:\/\/www.uca.edu.sv\/dric\/wp-content\/uploads\/2021\/12\/Foto-10-375x500.jpg 375w\" sizes=\"(max-width: 258px) 100vw, 258px\" \/><\/a><a href=\"https:\/\/www.uca.edu.sv\/dric\/wp-content\/uploads\/2021\/12\/Foto-11.jpg\">\u00a0 <img decoding=\"async\" loading=\"lazy\" class=\"alignnone  wp-image-1943\" src=\"https:\/\/www.uca.edu.sv\/dric\/wp-content\/uploads\/2021\/12\/Foto-11.jpg\" alt=\"Foto 11\" width=\"260\" height=\"346\" srcset=\"https:\/\/www.uca.edu.sv\/dric\/wp-content\/uploads\/2021\/12\/Foto-11.jpg 1536w, https:\/\/www.uca.edu.sv\/dric\/wp-content\/uploads\/2021\/12\/Foto-11-113x150.jpg 113w, https:\/\/www.uca.edu.sv\/dric\/wp-content\/uploads\/2021\/12\/Foto-11-375x500.jpg 375w\" sizes=\"(max-width: 260px) 100vw, 260px\" \/><\/a>\u00a0 <a href=\"https:\/\/www.uca.edu.sv\/dric\/wp-content\/uploads\/2021\/12\/Foto-12.jpg\"><img decoding=\"async\" loading=\"lazy\" class=\"alignnone  wp-image-1944\" src=\"https:\/\/www.uca.edu.sv\/dric\/wp-content\/uploads\/2021\/12\/Foto-12.jpg\" alt=\"Foto 12\" width=\"259\" height=\"345\" srcset=\"https:\/\/www.uca.edu.sv\/dric\/wp-content\/uploads\/2021\/12\/Foto-12.jpg 1536w, https:\/\/www.uca.edu.sv\/dric\/wp-content\/uploads\/2021\/12\/Foto-12-113x150.jpg 113w, https:\/\/www.uca.edu.sv\/dric\/wp-content\/uploads\/2021\/12\/Foto-12-375x500.jpg 375w\" sizes=\"(max-width: 259px) 100vw, 259px\" \/><\/a><\/p>\n<p>&nbsp;<\/p>\n","protected":false},"excerpt":{"rendered":"<p>Ronaldo Armando Canizales, catedr\u00e1tico del Departamento de Electr\u00f3nica e Inform\u00e1tica finaliz\u00f3 su beca ERASMUS + de Movilidad Internacional de Docencia, en la que tuvo la oportunidad de visitar la Universidad de Granada, Espa\u00f1a, para brindar un curso. A continuaci\u00f3n, compartimos las palabras de Ronaldo sobre su experiencia, tanto acad\u00e9mica como tur\u00edstica: En el \u00e1rea acad\u00e9mica: [&hellip;]<\/p>\n","protected":false},"author":8,"featured_media":0,"parent":0,"menu_order":0,"comment_status":"open","ping_status":"open","template":"","meta":[],"_links":{"self":[{"href":"https:\/\/www.uca.edu.sv\/dric\/wp-json\/wp\/v2\/pages\/1933"}],"collection":[{"href":"https:\/\/www.uca.edu.sv\/dric\/wp-json\/wp\/v2\/pages"}],"about":[{"href":"https:\/\/www.uca.edu.sv\/dric\/wp-json\/wp\/v2\/types\/page"}],"author":[{"embeddable":true,"href":"https:\/\/www.uca.edu.sv\/dric\/wp-json\/wp\/v2\/users\/8"}],"replies":[{"embeddable":true,"href":"https:\/\/www.uca.edu.sv\/dric\/wp-json\/wp\/v2\/comments?post=1933"}],"version-history":[{"count":9,"href":"https:\/\/www.uca.edu.sv\/dric\/wp-json\/wp\/v2\/pages\/1933\/revisions"}],"predecessor-version":[{"id":1950,"href":"https:\/\/www.uca.edu.sv\/dric\/wp-json\/wp\/v2\/pages\/1933\/revisions\/1950"}],"wp:attachment":[{"href":"https:\/\/www.uca.edu.sv\/dric\/wp-json\/wp\/v2\/media?parent=1933"}],"curies":[{"name":"wp","href":"https:\/\/api.w.org\/{rel}","templated":true}]}}