{"id":1703,"date":"2021-02-17T22:56:35","date_gmt":"2021-02-17T22:56:35","guid":{"rendered":"https:\/\/www.uca.edu.sv\/dric\/?page_id=1703"},"modified":"2021-03-08T14:18:03","modified_gmt":"2021-03-08T14:18:03","slug":"noticia-1-edicion-3","status":"publish","type":"page","link":"https:\/\/www.uca.edu.sv\/dric\/noticia-1-edicion-3\/","title":{"rendered":""},"content":{"rendered":"<p><a href=\"https:\/\/www.uca.edu.sv\/dric\/wp-content\/uploads\/2021\/02\/Gaceta-Internacional-Edici\u00f3n-3.png\"><img decoding=\"async\" loading=\"lazy\" class=\"alignnone  wp-image-1704\" src=\"https:\/\/www.uca.edu.sv\/dric\/wp-content\/uploads\/2021\/02\/Gaceta-Internacional-Edici\u00f3n-3.png\" alt=\"Gaceta Internacional Edici\u00f3n 3\" width=\"968\" height=\"466\" srcset=\"https:\/\/www.uca.edu.sv\/dric\/wp-content\/uploads\/2021\/02\/Gaceta-Internacional-Edici\u00f3n-3.png 1350w, https:\/\/www.uca.edu.sv\/dric\/wp-content\/uploads\/2021\/02\/Gaceta-Internacional-Edici\u00f3n-3-125x60.png 125w, https:\/\/www.uca.edu.sv\/dric\/wp-content\/uploads\/2021\/02\/Gaceta-Internacional-Edici\u00f3n-3-500x241.png 500w, https:\/\/www.uca.edu.sv\/dric\/wp-content\/uploads\/2021\/02\/Gaceta-Internacional-Edici\u00f3n-3-800x385.png 800w\" sizes=\"(max-width: 968px) 100vw, 968px\" \/><\/a><\/p>\n<p>La UCA es miembro de distintas redes y organizaciones universitarias de car\u00e1cter internacional, con el objetivo de brindarle a la comunidad universitaria, tanto estudiantes como personal docente y administrativo, beneficios y espacios para su crecimiento acad\u00e9mico y profesional.<\/p>\n<p style=\"text-align: justify;\">La Organizaci\u00f3n Universitaria Interamericana (OUI), de la cual formamos parte, est\u00e1 presente en 9 regiones y 28 pa\u00edses de Am\u00e9rica. Ofrece una variedad de actividades y programas como: foros de reflexi\u00f3n para el desarrollo de sociedades justas, equitativas y estables; espacios comunes de educaci\u00f3n superior; eventos acad\u00e9micos interamericanos, acceso al Espacio de Movilidad Virtual en la Educaci\u00f3n Superior (eMOVIES); acceso a servicios acad\u00e9micos ofrecidos por medio de los programas de la OUI; participaci\u00f3n en el Congreso de las Am\u00e9ricas sobre Educaci\u00f3n Internacional y en el Premio Interamericano en Modelos Educativos Innovadores en Educaci\u00f3n Superior (Premio MEIN); y disponibilidad de numerosas plataformas virtuales que ofrecen contenidos acad\u00e9micos relevantes. \u00a0<\/p>\n<p style=\"text-align: justify;\">Es por ello, que les invitamos a conocer un poco m\u00e1s sobre los espacios disponibles mencionados, por medio de los siguientes enlaces:<\/p>\n<ul>\n<li style=\"text-align: justify;\"><strong><span style=\"text-decoration: underline;\">Espacio de Movilidad Virtual en Educaci\u00f3n Superior (eMOVIES)<\/span><\/strong><span style=\"text-decoration: underline;\">:<\/span>Es una oportunidad para tener una o varias experiencias de movilidad virtual a costo cero, donde se tiene participaci\u00f3n de 83 instituciones de educaci\u00f3n superior y m\u00e1s de 4000 asignaturas:\u00a0<a href=\"https:\/\/emovies.oui-iohe.org\/\">eMOVIES<\/a>\u00a0\u00a0\u00a0<\/li>\n<li style=\"text-align: justify;\"><strong><span style=\"text-decoration: underline;\">Oferta Formativa:<\/span><\/strong>La OUI cuenta con actividades formativas y eventos, los cuales tienen una tarifa preferencial e incluso existe la posibilidad de obtener becas.\u00a0 Puede consultar la\u00a0<a href=\"https:\/\/oui-iohe.org\/es\/oferta-formativa\/\">Oferta Formativa<\/a>\u00a0y conocer m\u00e1s sobre su portafolio.<\/li>\n<li style=\"text-align: justify;\"><strong><span style=\"text-decoration: underline;\">Programa de Becas OUI:<\/span><\/strong>Se ofrecen las Becas Solidaridad, donde actualmente se cuenta con diversas actividades formativas: Curso IGLU, M\u00f3dulos del Diplomado de Internacionalizaci\u00f3n de la Educaci\u00f3n Superior (DIES), Curso Pol\u00edticas de G\u00e9nero, Curso Comunicaci\u00f3n y Visibilidad de la Producci\u00f3n Acad\u00e9mica y Cient\u00edfica (I2). Puede conocer m\u00e1s <a href=\"https:\/\/oui-iohe.org\/es\/oferta-formativa\/\">aqu\u00ed<\/a>.<\/li>\n<li style=\"text-align: justify;\"><strong><span style=\"text-decoration: underline;\">Congreso de Pol\u00edticas de G\u00e9nero, Interculturalidad e Inclusi\u00f3n (PUGII 2021):<\/span><\/strong>Este congreso, organizado conjuntamente con la Universidad Veracruzana y la UNAM, est\u00e1 dirigido a representantes de las IES interesados en discutir y reflexionar en torno a\u00a0\u00a0las pol\u00edticas de g\u00e9nero, interculturalidad e inclusi\u00f3n en las IES. El congreso se realizar\u00e1 en modo virtual\u00a0 del 9 al 11 de junio y se ofrece gratuitamente a la membres\u00eda OUI. Para mayor informaci\u00f3n, visitar:\u00a0<a href=\"https:\/\/www.uv.mx\/emulies2021pugii\/\">PUGII 2021<\/a><\/li>\n<li style=\"text-align: justify;\"><strong><span style=\"text-decoration: underline;\">Congreso de las Am\u00e9ricas sobre Educaci\u00f3n Internacional (CAEI 2021).<\/span><\/strong>\u00a0El congreso, que se realizar\u00e1 del 19 al 22 de octubre en modalidad virtual, tendr\u00e1 a Chile como pa\u00eds anfitri\u00f3n, bajo la tem\u00e1tica\u00a0<strong>\u201cTrazar el Futuro: Fortaleciendo la Comunidad Global del Conocimiento\u201d.<\/strong>\u00a0La membres\u00eda de la OUI cuenta con una tarifa reducida. Teniendo en cuenta que el congreso es virtual sin gastos de desplazamiento, se puede aprovechar la tarifa corporativa para un grupo de 10 participantes de una misma IES. Para mayor informaci\u00f3n puede consultar:\u00a0<a href=\"https:\/\/caie-caei.org\/registro-2021\/\">REGISTRO CAEI<\/a><\/li>\n<\/ul>\n","protected":false},"excerpt":{"rendered":"<p>La UCA es miembro de distintas redes y organizaciones universitarias de car\u00e1cter internacional, con el objetivo de brindarle a la comunidad universitaria, tanto estudiantes como personal docente y administrativo, beneficios y espacios para su crecimiento acad\u00e9mico y profesional. La Organizaci\u00f3n Universitaria Interamericana (OUI), de la cual formamos parte, est\u00e1 presente en 9 regiones y 28 [&hellip;]<\/p>\n","protected":false},"author":8,"featured_media":0,"parent":0,"menu_order":0,"comment_status":"open","ping_status":"open","template":"","meta":[],"_links":{"self":[{"href":"https:\/\/www.uca.edu.sv\/dric\/wp-json\/wp\/v2\/pages\/1703"}],"collection":[{"href":"https:\/\/www.uca.edu.sv\/dric\/wp-json\/wp\/v2\/pages"}],"about":[{"href":"https:\/\/www.uca.edu.sv\/dric\/wp-json\/wp\/v2\/types\/page"}],"author":[{"embeddable":true,"href":"https:\/\/www.uca.edu.sv\/dric\/wp-json\/wp\/v2\/users\/8"}],"replies":[{"embeddable":true,"href":"https:\/\/www.uca.edu.sv\/dric\/wp-json\/wp\/v2\/comments?post=1703"}],"version-history":[{"count":7,"href":"https:\/\/www.uca.edu.sv\/dric\/wp-json\/wp\/v2\/pages\/1703\/revisions"}],"predecessor-version":[{"id":1749,"href":"https:\/\/www.uca.edu.sv\/dric\/wp-json\/wp\/v2\/pages\/1703\/revisions\/1749"}],"wp:attachment":[{"href":"https:\/\/www.uca.edu.sv\/dric\/wp-json\/wp\/v2\/media?parent=1703"}],"curies":[{"name":"wp","href":"https:\/\/api.w.org\/{rel}","templated":true}]}}