{"id":1644,"date":"2021-01-20T22:54:37","date_gmt":"2021-01-20T22:54:37","guid":{"rendered":"https:\/\/www.uca.edu.sv\/dric\/?page_id=1644"},"modified":"2021-01-27T22:02:45","modified_gmt":"2021-01-27T22:02:45","slug":"noticia-4","status":"publish","type":"page","link":"https:\/\/www.uca.edu.sv\/dric\/noticia-4\/","title":{"rendered":""},"content":{"rendered":"<p><a href=\"https:\/\/www.uca.edu.sv\/dric\/wp-content\/uploads\/2021\/01\/Gaceta-Internacional-Edici\u00f3n-2-4.png\"><img decoding=\"async\" loading=\"lazy\" class=\"alignnone  wp-image-1645\" src=\"https:\/\/www.uca.edu.sv\/dric\/wp-content\/uploads\/2021\/01\/Gaceta-Internacional-Edici\u00f3n-2-4.png\" alt=\"Gaceta Internacional Edici\u00f3n 2 (4)\" width=\"964\" height=\"464\" srcset=\"https:\/\/www.uca.edu.sv\/dric\/wp-content\/uploads\/2021\/01\/Gaceta-Internacional-Edici\u00f3n-2-4.png 1350w, https:\/\/www.uca.edu.sv\/dric\/wp-content\/uploads\/2021\/01\/Gaceta-Internacional-Edici\u00f3n-2-4-125x60.png 125w, https:\/\/www.uca.edu.sv\/dric\/wp-content\/uploads\/2021\/01\/Gaceta-Internacional-Edici\u00f3n-2-4-500x241.png 500w, https:\/\/www.uca.edu.sv\/dric\/wp-content\/uploads\/2021\/01\/Gaceta-Internacional-Edici\u00f3n-2-4-800x385.png 800w\" sizes=\"(max-width: 964px) 100vw, 964px\" \/><\/a><\/p>\n<p style=\"text-align: justify;\">El pasado diciembre fue firmado el contrato entre la Uni\u00f3n Europea y la UCA, en representaci\u00f3n del consorcio conformado por la Asamblea de Cooperaci\u00f3n por la Paz (ACCP), la Asociaci\u00f3n de Periodistas de El Salvador (APES) y la Federaci\u00f3n Internacional de Periodistas (FIP), para la ejecuci\u00f3n del proyecto \u201cPor la libertad de prensa, el acceso a la informaci\u00f3n y la democracia en El Salvador\u201d.<\/p>\n<p style=\"text-align: justify;\">El proyecto contribuir\u00e1 a la\u00a0 promoci\u00f3n del ejercicio del derecho a la libertad de expresi\u00f3n, la calidad de la informaci\u00f3n y la independencia de los medios para el fortalecimiento de la sociedad civil salvadore\u00f1a en la promoci\u00f3n, protecci\u00f3n y respeto de la democracia y los derechos humanos.<\/p>\n<p style=\"text-align: justify;\">Asimismo, con este proyecto se fortalecer\u00e1n las capacidades de la comunidad de periodistas y la consolidaci\u00f3n del ecosistema de medios independientes, junto a las garant\u00edas institucionales y sociales, para el ejercicio de la libertad de prensa y la promoci\u00f3n del derecho de la poblaci\u00f3n a la informaci\u00f3n imparcial, rigurosa y cr\u00edtica para el fortalecimiento de su ciudadan\u00eda<\/p>\n<p style=\"text-align: justify;\">Este proyecto incluye cuatro componentes: 1.Capacitaci\u00f3n de periodistas y medios independientes, 2. Articulaci\u00f3n de la comunidad de periodistas y medios independientes, 3. Protecci\u00f3n y atenci\u00f3n y 4. Reconocimiento social.<\/p>\n<p style=\"text-align: justify;\">El proyecto ser\u00e1 ejecutado por el Instituto de Derechos Humanos de la UCA, IDHUCA, y los dem\u00e1s miembros del consorcio. Tiene una duraci\u00f3n de 36 meses.<\/p>\n","protected":false},"excerpt":{"rendered":"<p>El pasado diciembre fue firmado el contrato entre la Uni\u00f3n Europea y la UCA, en representaci\u00f3n del consorcio conformado por la Asamblea de Cooperaci\u00f3n por la Paz (ACCP), la Asociaci\u00f3n de Periodistas de El Salvador (APES) y la Federaci\u00f3n Internacional de Periodistas (FIP), para la ejecuci\u00f3n del proyecto \u201cPor la libertad de prensa, el acceso [&hellip;]<\/p>\n","protected":false},"author":8,"featured_media":0,"parent":0,"menu_order":0,"comment_status":"open","ping_status":"open","template":"","meta":[],"_links":{"self":[{"href":"https:\/\/www.uca.edu.sv\/dric\/wp-json\/wp\/v2\/pages\/1644"}],"collection":[{"href":"https:\/\/www.uca.edu.sv\/dric\/wp-json\/wp\/v2\/pages"}],"about":[{"href":"https:\/\/www.uca.edu.sv\/dric\/wp-json\/wp\/v2\/types\/page"}],"author":[{"embeddable":true,"href":"https:\/\/www.uca.edu.sv\/dric\/wp-json\/wp\/v2\/users\/8"}],"replies":[{"embeddable":true,"href":"https:\/\/www.uca.edu.sv\/dric\/wp-json\/wp\/v2\/comments?post=1644"}],"version-history":[{"count":7,"href":"https:\/\/www.uca.edu.sv\/dric\/wp-json\/wp\/v2\/pages\/1644\/revisions"}],"predecessor-version":[{"id":1685,"href":"https:\/\/www.uca.edu.sv\/dric\/wp-json\/wp\/v2\/pages\/1644\/revisions\/1685"}],"wp:attachment":[{"href":"https:\/\/www.uca.edu.sv\/dric\/wp-json\/wp\/v2\/media?parent=1644"}],"curies":[{"name":"wp","href":"https:\/\/api.w.org\/{rel}","templated":true}]}}