{"id":1615,"date":"2021-01-15T21:06:39","date_gmt":"2021-01-15T21:06:39","guid":{"rendered":"https:\/\/www.uca.edu.sv\/dric\/?page_id=1615"},"modified":"2021-01-27T22:01:51","modified_gmt":"2021-01-27T22:01:51","slug":"noticia-3","status":"publish","type":"page","link":"https:\/\/www.uca.edu.sv\/dric\/noticia-3\/","title":{"rendered":""},"content":{"rendered":"<p><a href=\"https:\/\/www.uca.edu.sv\/dric\/wp-content\/uploads\/2021\/01\/Gaceta-Internacional-Edici\u00f3n-2-2.png\"><img decoding=\"async\" loading=\"lazy\" class=\"alignnone  wp-image-1638\" src=\"https:\/\/www.uca.edu.sv\/dric\/wp-content\/uploads\/2021\/01\/Gaceta-Internacional-Edici\u00f3n-2-2.png\" alt=\"Gaceta Internacional Edici\u00f3n 2 (2)\" width=\"970\" height=\"467\" srcset=\"https:\/\/www.uca.edu.sv\/dric\/wp-content\/uploads\/2021\/01\/Gaceta-Internacional-Edici\u00f3n-2-2.png 1350w, https:\/\/www.uca.edu.sv\/dric\/wp-content\/uploads\/2021\/01\/Gaceta-Internacional-Edici\u00f3n-2-2-125x60.png 125w, https:\/\/www.uca.edu.sv\/dric\/wp-content\/uploads\/2021\/01\/Gaceta-Internacional-Edici\u00f3n-2-2-500x241.png 500w, https:\/\/www.uca.edu.sv\/dric\/wp-content\/uploads\/2021\/01\/Gaceta-Internacional-Edici\u00f3n-2-2-800x385.png 800w\" sizes=\"(max-width: 970px) 100vw, 970px\" \/><\/a><\/p>\n<p>En diciembre de 2020, la UCA junto a otras universidades jesuitas de Latinoam\u00e9rica que forman parte de la Red AUSJAL, se unieron a la firma del\u00a0Pacto Educativo Global.\u00a0<\/p>\n<p>La firma del Pacto es una iniciativa promovida por el Papa Francisco para &#8220;generar un cambio a escala planetaria, para que la educaci\u00f3n sea creadora de fraternidad, paz y justicia&#8221;.<\/p>\n<p style=\"text-align: justify;\">La firma fue transmitida por YouTube y Facebook Live, donde los rectores concordaron con la reflexi\u00f3n realizada por el Papa Francisco: &#8220;En la educaci\u00f3n se encuentra la semilla de la esperanza, una esperanza de paz y de justicia, una esperanza de belleza, de bondad, una esperanza de armon\u00eda social&#8221;.<\/p>\n<p style=\"text-align: justify;\">Mediante la adhesi\u00f3n al Pacto Educativo Global, el Padre Andreu Olivo de la Esperanza, en su calidad de Rector de la UCA El Salvador, se comprometi\u00f3 a sumar esfuerzos en la promoci\u00f3n del derecho universal a una educaci\u00f3n de calidad, a asociarse a quienes ya est\u00e1n trabajando en la elaboraci\u00f3n de pol\u00edticas p\u00fablicas educativas y tambi\u00e9n a invitar a muchos otros a incorporarse a esta causa.<\/p>\n<p style=\"text-align: justify;\"><a href=\"https:\/\/www.uca.edu.sv\/dric\/wp-content\/uploads\/2021\/01\/Gaceta-Internacional-Edici\u00f3n-2-3.png\"><img decoding=\"async\" loading=\"lazy\" class=\"  wp-image-1640 aligncenter\" src=\"https:\/\/www.uca.edu.sv\/dric\/wp-content\/uploads\/2021\/01\/Gaceta-Internacional-Edici\u00f3n-2-3.png\" alt=\"Gaceta Internacional Edici\u00f3n 2 (3)\" width=\"969\" height=\"466\" srcset=\"https:\/\/www.uca.edu.sv\/dric\/wp-content\/uploads\/2021\/01\/Gaceta-Internacional-Edici\u00f3n-2-3.png 1350w, https:\/\/www.uca.edu.sv\/dric\/wp-content\/uploads\/2021\/01\/Gaceta-Internacional-Edici\u00f3n-2-3-125x60.png 125w, https:\/\/www.uca.edu.sv\/dric\/wp-content\/uploads\/2021\/01\/Gaceta-Internacional-Edici\u00f3n-2-3-500x241.png 500w, https:\/\/www.uca.edu.sv\/dric\/wp-content\/uploads\/2021\/01\/Gaceta-Internacional-Edici\u00f3n-2-3-800x385.png 800w\" sizes=\"(max-width: 969px) 100vw, 969px\" \/><\/a><\/p>\n","protected":false},"excerpt":{"rendered":"<p>En diciembre de 2020, la UCA junto a otras universidades jesuitas de Latinoam\u00e9rica que forman parte de la Red AUSJAL, se unieron a la firma del\u00a0Pacto Educativo Global.\u00a0 La firma del Pacto es una iniciativa promovida por el Papa Francisco para &#8220;generar un cambio a escala planetaria, para que la educaci\u00f3n sea creadora de fraternidad, [&hellip;]<\/p>\n","protected":false},"author":8,"featured_media":0,"parent":0,"menu_order":0,"comment_status":"open","ping_status":"open","template":"","meta":[],"_links":{"self":[{"href":"https:\/\/www.uca.edu.sv\/dric\/wp-json\/wp\/v2\/pages\/1615"}],"collection":[{"href":"https:\/\/www.uca.edu.sv\/dric\/wp-json\/wp\/v2\/pages"}],"about":[{"href":"https:\/\/www.uca.edu.sv\/dric\/wp-json\/wp\/v2\/types\/page"}],"author":[{"embeddable":true,"href":"https:\/\/www.uca.edu.sv\/dric\/wp-json\/wp\/v2\/users\/8"}],"replies":[{"embeddable":true,"href":"https:\/\/www.uca.edu.sv\/dric\/wp-json\/wp\/v2\/comments?post=1615"}],"version-history":[{"count":9,"href":"https:\/\/www.uca.edu.sv\/dric\/wp-json\/wp\/v2\/pages\/1615\/revisions"}],"predecessor-version":[{"id":1684,"href":"https:\/\/www.uca.edu.sv\/dric\/wp-json\/wp\/v2\/pages\/1615\/revisions\/1684"}],"wp:attachment":[{"href":"https:\/\/www.uca.edu.sv\/dric\/wp-json\/wp\/v2\/media?parent=1615"}],"curies":[{"name":"wp","href":"https:\/\/api.w.org\/{rel}","templated":true}]}}