{"id":16,"date":"2015-03-09T23:37:22","date_gmt":"2015-03-09T23:37:22","guid":{"rendered":"https:\/\/www.uca.edu.sv\/dric\/?page_id=16"},"modified":"2025-01-17T16:08:41","modified_gmt":"2025-01-17T16:08:41","slug":"contacto","status":"publish","type":"page","link":"https:\/\/www.uca.edu.sv\/dric\/contacto\/","title":{"rendered":"Contacto"},"content":{"rendered":"<p><a href=\"https:\/\/www.uca.edu.sv\/dric\/wp-content\/uploads\/2015\/03\/contacto.jpg\"><img decoding=\"async\" loading=\"lazy\" class=\"alignright size-full wp-image-108\" src=\"https:\/\/www.uca.edu.sv\/dric\/wp-content\/uploads\/2015\/03\/contacto.jpg\" alt=\"contacto\" width=\"200\" height=\"300\" data-wp-editing=\"1\" \/><\/a><strong>Direcci\u00f3n de Relaciones Internacionales y Cooperaci\u00f3n<\/strong><br \/>\n1ra planta\u00a0del Edificio de Administraci\u00f3n Central<br \/>\nTel.: (503) 2210 &#8211; 6600,\u00a0 Ext 205<br \/>\nFax.: (503) 2210 &#8211; 6641<\/p>\n<p><strong>Mar\u00eda de los \u00c1ngeles Torres <\/strong><br \/>\nDirectora y Enlace AUSJAL<br \/>\n<a href=\"mailto:mtorres@buho.uca.edu.sv\">mtorres@uca.edu.sv<\/a><\/p>\n<p><strong>Karen Guerrero<br \/>\n<\/strong>Coordinadora de Movilidad Internacional\u00a0<strong><br \/>\n<\/strong><a href=\"mailto:movilidad.internacional@uca.edu.sv\">movilidad.internacional@uca.edu.sv<\/a><\/p>\n<p><strong>Karla Ch\u00e1vez<br \/>\n<\/strong>T\u00e9cnica de Cooperaci\u00f3n Internacional<br \/>\n<a href=\"mailto:amramos@uca.edu.sv\">kchavez@uca.edu.sv<\/a><\/p>\n<p><b>Ver\u00f3nica Do\u00f1an<\/b><br \/>\nT\u00e9cnica en Seguimiento de Proyectos<br \/>\n<a title=\"vdonan@uca.edu.sv\" href=\"mailto:vdonan@uca.edu.sv\">vdonan@uca.edu.sv<\/a><\/p>\n<p><strong>Leonardo P\u00e9rez<br \/>\n<\/strong>T\u00e9cnico de Relaciones Internacionales<br \/>\n<a href=\"mailto:ljperez@uca.edu.sv\">ljperez@uca.edu.sv<\/a><\/p>\n<p><b>Paola Garc\u00eda<\/b><br \/>\nAsistente Administrativa<br \/>\n<a href=\"http:\/\/www.uca.edu.sv\/personal\/index.php?id=nombre&amp;nombre=Iliana&amp;Nombre.x=0&amp;Nombre.y=0&amp;Nombre=Ver#\">pagarcia@uca.edu.sv<\/a><\/p>\n<p>&nbsp;<\/p>\n<p>&nbsp;<\/p>\n<p>&nbsp;<\/p>\n","protected":false},"excerpt":{"rendered":"<p>Direcci\u00f3n de Relaciones Internacionales y Cooperaci\u00f3n 1ra planta\u00a0del Edificio de Administraci\u00f3n Central Tel.: (503) 2210 &#8211; 6600,\u00a0 Ext 205 Fax.: (503) 2210 &#8211; 6641 Mar\u00eda de los \u00c1ngeles Torres Directora y Enlace AUSJAL mtorres@uca.edu.sv Karen Guerrero Coordinadora de Movilidad Internacional\u00a0 movilidad.internacional@uca.edu.sv Karla Ch\u00e1vez T\u00e9cnica de Cooperaci\u00f3n Internacional kchavez@uca.edu.sv Ver\u00f3nica Do\u00f1an T\u00e9cnica en Seguimiento de Proyectos [&hellip;]<\/p>\n","protected":false},"author":1,"featured_media":0,"parent":0,"menu_order":0,"comment_status":"open","ping_status":"open","template":"contacto.php","meta":[],"_links":{"self":[{"href":"https:\/\/www.uca.edu.sv\/dric\/wp-json\/wp\/v2\/pages\/16"}],"collection":[{"href":"https:\/\/www.uca.edu.sv\/dric\/wp-json\/wp\/v2\/pages"}],"about":[{"href":"https:\/\/www.uca.edu.sv\/dric\/wp-json\/wp\/v2\/types\/page"}],"author":[{"embeddable":true,"href":"https:\/\/www.uca.edu.sv\/dric\/wp-json\/wp\/v2\/users\/1"}],"replies":[{"embeddable":true,"href":"https:\/\/www.uca.edu.sv\/dric\/wp-json\/wp\/v2\/comments?post=16"}],"version-history":[{"count":37,"href":"https:\/\/www.uca.edu.sv\/dric\/wp-json\/wp\/v2\/pages\/16\/revisions"}],"predecessor-version":[{"id":2960,"href":"https:\/\/www.uca.edu.sv\/dric\/wp-json\/wp\/v2\/pages\/16\/revisions\/2960"}],"wp:attachment":[{"href":"https:\/\/www.uca.edu.sv\/dric\/wp-json\/wp\/v2\/media?parent=16"}],"curies":[{"name":"wp","href":"https:\/\/api.w.org\/{rel}","templated":true}]}}